20828.
2, 631, 24097
List the prime factors of 2069800687.
733, 953, 2963
List the prime factors of 458223728.
2, 28638983
List the prime factors of 156263553.
3, 653, 8863
What are the prime factors of 84787950?
2, 3, 5, 13, 43481
List the prime factors of 714804195.
3, 5, 7, 6807659
What are the prime factors of 139619300?
2, 5, 17, 82129
What are the prime factors of 69634968?
2, 3, 13, 307, 727
List the prime factors of 45158806.
2, 7, 11, 83, 3533
What are the prime factors of 4941848?
2, 617731
List the prime factors of 2473731245.
5, 241, 2052889
List the prime factors of 22973541.
3, 71, 107857
List the prime factors of 69184552.
2, 23, 376003
What are the prime factors of 59682843?
3, 11, 31, 19447
List the prime factors of 152833825.
5, 17, 43, 8363
What are the prime factors of 178017340?
2, 5, 569, 15643
What are the prime factors of 179013013?
2557, 70009
What are the prime factors of 1719019501?
47, 241, 3229
What are the prime factors of 790606279?
73, 2129, 5087
What are the prime factors of 518757912?
2, 3, 19, 41, 3083
List the prime factors of 649189776.
2, 3, 467, 28961
List the prime factors of 2210031877.
2210031877
List the prime factors of 113313408.
2, 3, 13, 22699
What are the prime factors of 432460351?
653, 662267
What are the prime factors of 6847198585?
5, 2393, 572269
List the prime factors of 503485904.
2, 41, 767509
What are the prime factors of 48566860?
2, 5, 101, 24043
What are the prime factors of 19149593?
23, 832591
What are the prime factors of 6853472495?
5, 23, 617, 96589
List the prime factors of 49078457.
49078457
What are the prime factors of 924266616?
2, 3, 7, 13, 60457
List the prime factors of 666382836.
2, 3, 7, 73, 109, 997
List the prime factors of 13346424.
2, 3, 7, 13, 97
What are the prime factors of 2412318736?
2, 19, 7935259
List the prime factors of 92582650.
2, 5, 827, 2239
List the prime factors of 3139501612.
2, 13, 97, 622423
List the prime factors of 147974131.
10691, 13841
What are the prime factors of 658237372?
2, 13, 12658411
List the prime factors of 554206294.
2, 3061, 90527
List the prime factors of 17260479.
3, 191, 3347
List the prime factors of 36535353.
3, 541, 22511
What are the prime factors of 67351068?
2, 3, 623621
What are the prime factors of 634403340?
2, 3, 5, 263, 1489
List the prime factors of 89582309.
23, 3894883
What are the prime factors of 13780455?
3, 5, 13, 17, 4157
List the prime factors of 57480414.
2, 3, 967, 9907
What are the prime factors of 66009085?
5, 43, 307019
What are the prime factors of 198321759?
3, 22035751
What are the prime factors of 1757929073?
1757929073
What are the prime factors of 5095197688?
2, 7, 29, 137, 22901
What are the prime factors of 9192830?
2, 5, 191, 4813
What are the prime factors of 47317260?
2, 3, 5, 788621
What are the prime factors of 289108252?
2, 23, 3142481
What are the prime factors of 167252717?
79, 283, 7481
List the prime factors of 173769752.
2, 13, 1670863
What are the prime factors of 129581189?
129581189
What are the prime factors of 969447868?
2, 19, 61, 79, 2647
What are the prime factors of 120822542?
2, 23, 114199
What are the prime factors of 204045785?
5, 40809157
What are the prime factors of 911444243?
911444243
List the prime factors of 618039655.
5, 103, 1200077
What are the prime factors of 591118932?
2, 3, 107, 460373
What are the prime factors of 14997978?
2, 3, 17, 23, 2131
List the prime factors of 1873267231.
11, 163, 1044767
What are the prime factors of 111214673?
41, 2712553
What are the prime factors of 3132681273?
3, 17, 20475041
List the prime factors of 1144409413.
7, 23, 103, 69011
What are the prime factors of 168071874?
2, 3, 41, 137, 4987
What are the prime factors of 1457625984?
2, 3, 97, 39133
What are the prime factors of 123065375?
5, 19, 51817
What are the prime factors of 71775083?
109, 658487
What are the prime factors of 86654882?
2, 17, 2548673
List the prime factors of 71450475.
3, 5, 59, 67, 241
List the prime factors of 763830593.
61, 103, 121571
List the prime factors of 27109466.
2, 19, 713407
List the prime factors of 152063013.
3, 137, 369983
List the prime factors of 926992741.
926992741
List the prime factors of 666785976.
2, 3, 27782749
What are the prime factors of 187326960?
2, 3, 5, 47, 16607
What are the prime factors of 48548475?
3, 5, 215771
What are the prime factors of 11659868?
2, 11, 264997
List the prime factors of 361094911.
361094911
List the prime factors of 60918311.
60918311
List the prime factors of 435792453.
3, 145264151
List the prime factors of 260150201.
17, 997, 15349
List the prime factors of 2312309034.
2, 3, 7, 31, 131, 4519
What are the prime factors of 86099999?
37, 2327027
What are the prime factors of 1114745634?
2, 3, 61930313
List the prime factors of 91060434.
2, 3, 61, 239, 347
List the prime factors of 10070848.
2, 53, 2969
List the prime factors of 135426136.
2, 1531, 11057
What are the prime factors of 270475894?
2, 13, 2081, 4999
List the prime factors of 109747982.
2, 54873991
What are the prime factors of 1343532340?
2, 5, 67176617
List the prime factors of 48833779.
397, 123007
What are the prime factors of 828894?
2, 3, 11, 19, 661
List the prime factors of 475936236.
2, 3, 1468939
List the prime factors of 2527881.
3, 842627
What are the prime factors of 732508300?
2, 5, 31, 236293
List the prime factors of 70711349.
70711349
What are the prime factors of 1601157031?
257, 907, 6869
What are the prime factors of 13192214?
2, 7, 942301
What are the prime factors of 1242583956?
2, 3, 11505407
List the prime factors of 290268149.
17, 19, 898663
What are the prime factors of 12164605?
5, 17, 143113
What are the prime factors of 5253453571?
337, 743, 20981
List the prime factors of 48785348.
2, 109, 111893
What are the prime factors of 152104739?
29, 1307, 4013
What are the prime factors of 236352499?
199, 1187701
List the prime factors of 9433834139.
5419, 1740881
What are the prime factors of 8326071?
3, 13, 7907
What are the prime factors of 67731552?
2, 3, 7, 3733
List the prime factors of 8622525.
3, 5, 114967
List the prime factors of 3536708275.
5, 23, 6150797
List the prime factors of 39062106.
2, 3, 2170117
List the prime factors of 436464799.
14731, 29629
List the prime factors of 83235651.
3, 31, 895007
What are the prime factors of 131327064?
2, 3, 11, 165817
What are the prime factors of 53977920?
2, 3, 5, 59, 953
List the prime factors of 118496887.
1877, 63131
List the prime factors of 2154170580.
2, 3, 5, 191, 187973
What are the prime factors of 2953401280?
2, 5, 683, 13513
What are the prime factors of 2378088082?
2, 23, 43, 1202269
List the prime factors of 142324921.
142324921
What are the prime factors of 78146610?
2, 3, 5, 2604887
List the prime factors of 1857642180.
2, 3, 5, 3583, 8641
List the prime factors of 1651252384.
2, 883, 58439
List the prime factors of 2047601897.
11, 229, 479, 1697
What are the prime factors of 39377673?
3, 179, 24443
List the prime factors of 1235848850.
2, 5, 1741, 14197
List the prime factors of 683424570.
2, 3, 5, 103, 221173
List the prime factors of 476166729.
3, 47, 3377069
List the prime factors of 1383989867.
13, 977, 108967
List the prime factors of 56448765.
3, 5, 257, 1627
List the prime factors of 2752557184.
2, 13, 79, 20939
List the prime factors of 60306348.
2, 3, 5025529
List the prime factors of 63552972.
2, 3, 7, 61, 79, 157
List the prime factors of 25224801.
3, 7, 59, 20359
What are the prime factors of 3552449138?
2, 7, 3329, 10889
List the prime factors of 76611503.
17, 103, 43753
List the prime factors of 1726427927.
7, 67, 525869
What are the prime factors of 49831001?
11, 4530091
What are the prime factors of 152737401?
3, 17, 71, 42181
List the prime factors of 75858994.
2, 353, 107449
What are the prime factors of 1168407081?
3, 31, 4187839
List the prime factors of 973003.
973003
List the prime factors of 14168885.
5, 2833777
List the prime factors of 6093644830.
2, 5, 7, 13, 467, 1103
List the prime factors of 94888626.
2, 3, 7, 1181, 1913
List the prime factors of 1072040017.
23669, 45293
List the prime factors of 2901155813.
2901155813
List the prime factors of 3107083552.
2, 1543, 62927
List the prime factors of 4376967365.
5, 8753934